{"id":9026,"date":"2025-09-11T10:34:10","date_gmt":"2025-09-11T14:34:10","guid":{"rendered":"https:\/\/inclusionincanadiansports.ca\/careers2\/coordonnateur-des-benevoles-de-la-ville-hote-vancouver\/"},"modified":"2025-09-11T14:54:11","modified_gmt":"2025-09-11T18:54:11","slug":"coordonnateur-des-benevoles-de-la-ville-hote-vancouver","status":"publish","type":"careers2","link":"https:\/\/inclusionincanadiansports.ca\/fr\/careers2\/coordonnateur-des-benevoles-de-la-ville-hote-vancouver\/","title":{"rendered":"Coordonnateur des b\u00e9n\u00e9voles de la ville h\u00f4te &#8211; Vancouver"},"content":{"rendered":"","protected":false},"template":"","class_list":["post-9026","careers2","type-careers2","status-publish","hentry"],"acf":[],"_links":{"self":[{"href":"https:\/\/inclusionincanadiansports.ca\/fr\/wp-json\/wp\/v2\/careers2\/9026","targetHints":{"allow":["GET"]}}],"collection":[{"href":"https:\/\/inclusionincanadiansports.ca\/fr\/wp-json\/wp\/v2\/careers2"}],"about":[{"href":"https:\/\/inclusionincanadiansports.ca\/fr\/wp-json\/wp\/v2\/types\/careers2"}],"wp:attachment":[{"href":"https:\/\/inclusionincanadiansports.ca\/fr\/wp-json\/wp\/v2\/media?parent=9026"}],"curies":[{"name":"wp","href":"https:\/\/api.w.org\/{rel}","templated":true}]}}

Coordonnateur des bénévoles de la ville hôte &#8211; Vancouver
